4.
-1220032123
-10001011110011111100 (base 2) to base 12
-2374a4
213222012211 (base 4) to base 16
9ea1a5
-16555736 (base 8) to base 5
-1441413444
What is -1000121010 (base 5) in base 4?
-13131323332
Convert -31377 (base 13) to base 4.
-111212211
What is -221875 (base 9) in base 14?
-364c1
What is 1233100030 (base 4) in base 10?
455692
Convert 5cd29 (base 14) to base 7.
1635352
-9569561 (base 10) to base 6
-541035305
What is -13ac1a (base 14) in base 2?
-10100110101110001000
Convert -113101200 (base 4) to base 16.
-17460
Convert -3568 (base 16) to base 14.
-4da8
What is 1203501 (base 7) in base 2?
100101001111011010
15460 (base 15) to base 8
205612
What is -4afed3 (base 16) in base 14?
-91d203
Convert -26a4a5 (base 12) to base 16.
-9c43d
Convert 1110101110110110011 (base 2) to base 11.
2aa764
-22223113 (base 5) to base 6
-4104400
-44423435 (base 7) to base 8
-16510141
38961 (base 11) to base 13
1c499
Convert -1110011001010000000 (base 2) to base 5.
-110043210
36a22a (base 11) to base 9
1080806
6271644 (base 8) to base 5
411334004
What is 184482 (base 9) in base 14?
2dbd9
What is 64523 (base 16) in base 15?
81b45
What is -5b1ec (base 16) in base 7?
-3113062
Convert -1020121210011 (base 3) to base 15.
-d1134
What is -2c5a16 (base 15) in base 6?
-113552220
Convert -11023012030 (base 4) to base 13.
-38638c
What is -1a38b (base 12) in base 2?
-1001011010011011
Convert 276226 (base 8) to base 11.
67223
Convert -1221233220 (base 4) to base 5.
-102330003
69169b (base 12) to base 11
a49a59
-97645 (base 11) to base 6
-3012433
Convert 365214 (base 8) to base 14.
33aa0
What is 1532b5 (base 15) in base 12?
4141a5
Convert -4243412030 (base 5) to base 11.
-5074748
Convert 1110031121 (base 4) to base 9.
575125
Convert 10102022112 (base 4) to base 12.
461a46
Convert 3354 (base 10) to base 15.
ed9
Convert 1801d (base 14) to base 3.
10001211212
Convert 1324104 (base 6) to base 3.
10201210111
653422 (base 9) to base 10
389630
-5011404 (base 6) to base 9
-387244
Convert 12041114 (base 5) to base 15.
232de
Convert 1123678 (base 14) to base 5.
4041404311
-987e (base 16) to base 14
-10326
What is 315284 (base 14) in base 4?
12112301010
-123123333 (base 4) to base 5
-12044013
What is 100100000011010100 (base 2) in base 6?
3055352
-124750 (base 9) to base 2
-10010011110110011
What is 221122 (base 3) in base 14?
376
What is -7307802 (base 9) in base 16?
-3b8e0b
-597b7 (base 12) to base 10
-120379
Convert 1484a8 (base 11) to base 15.
48610
Convert 315550 (base 6) to base 13.
ba45
What is -20013103 (base 5) in base 4?
-212121132
Convert c96e (base 16) to base 7.
303224
Convert 21222201021222 (base 3) to base 7.
51042515
What is -290141 (base 11) in base 9?
-761735
What is -2374262 (base 8) in base 2?
-10011111100010110010
16044b4 (base 13) to base 5
3302023203
-1105762 (base 8) to base 6
-10215254
What is 4523434 (base 7) in base 12?
230577
Convert 1041112031 (base 5) to base 6.
120551534
Convert -36c580 (base 13) to base 11.
-817165
What is -101010111111000101 (base 2) in base 15?
-3727e
What is -542b (base 14) in base 13?
-6809
Convert 21243431 (base 6) to base 14.
124c67
Convert -b683 (base 12) to base 14.
-73c7
Convert 14000023 (base 5) to base 2.
100010010101011110
-41d373 (base 15) to base 7
-35425323
What is 27274 (base 9) in base 12?
a81a
Convert 1030223311 (base 4) to base 9.
527771
What is -212f45 (base 16) in base 12?
-88a685
Convert -575524 (base 12) to base 2.
-101010101011110101100
Convert -10412266 (base 7) to base 11.
-560751
-117337b (base 12) to base 14
-641bc3
Convert -1013687 (base 9) to base 16.
-84052
What is -f808f (base 16) in base 9?
-1817554
Convert 706480 (base 10) to base 11.
442875
Convert -22022121222202 (base 3) to base 2.
-10000110111011100000010
-11e1b9 (base 16) to base 13
-32053c
Convert -11200220020120 (base 3) to base 14.
-490375
What is -271db (base 14) in base 3?
-11220021110
Convert -4023421030 (base 5) to base 11.
-459476a
-26006207 (base 8) to base 14
-aa2c99
What is -1450900 (base 14) in base 2?
-100101101010110011110100
-3ad0 (base 15) to base 2
-11000100011010
Convert -2d27db (base 16) to base 12.
-ba86a3
What is -2816962 (base 11) in base 14?
-905602
2330288 (base 9) to base 13
351647
Convert -3440c (base 14) to base 11.
-87483
-2e888b (base 15) to base 14
-42a459
What is 8724 (base 14) in base 7?
125044
Convert -1905382 (base 10) to base 2.
-111010001001011100110
What is -225163211 (base 7) in base 3?
-221221222022102
111131120130 (base 4) to base 15
761b9c
Convert -12222201012 (base 3) to base 11.
-80630
62790 (base 10) to base 13
22770
Convert 2201434341 (base 5) to base 8.
21777020
What is -144284 (base 9) in base 13?
-31348
Convert 66663141 (base 7) to base 8.
25770663
What is 1257352 (base 10) in base 12?
507774
What is 4211241 (base 5) in base 3?
10112102201
Convert -1010101110111010110 (base 2) to base 4.
-1111313112
-1265545 (base 7) to base 4
-220323232
Convert 32bb02 (base 14) to base 16.
1a4916
What is -165b30b (base 15) in base 5?
-13124102221
-17034641 (base 8) to base 16
-3c39a1
6590 (base 10) to base 13
2ccc
110b65 (base 12) to base 3
111210001112
3270953 (base 10) to base 16
31e929
What is -313112153 (base 6) in base 7?
-64323432
-10404525 (base 6) to base 9
-525108
-7487641 (base 9) to base 2
-1111010100000100111101
-412124002 (base 5) to base 12
-68a414
-44442024 (base 5) to base 15
-7a979
What is 10000011001111 (base 2) in base 7?
33326
ba7c (base 14) to base 8
76776
What is 21201123 (base 4) in base 11?
27338
Convert 301425 (base 8) to base 6.
2042433
What is -31e63 (base 15) in base 3?
-22001102010
-100100000010000011111 (base 2) to base 8
-4402037
-121032323230 (base 4) to base 16
-64eeec
What is 12007 (base 16) in base 13?
2773c
Convert 1360585 (base 10) to base 8.
5141311
What is -186bd1 (base 14) in base 16?
-d2ed3
What is 23141 (base 8) in base 16?
2661
3b1173 (base 12) to base 13
282654
Convert 13035135 (base 7) to base 11.
73a742
Convert 222574 (base 12) to base 6.
15351424
Convert -1111401 (base 6) to base 13.
-1c6b7
-14314030241 (base 5) to base 9
-38484655
What is 1632411 (base 8) in base 5?
110103304
What is -445011 (base 7) in base 5?
-10003210
What is -4641843 (base 10) in base 13?
-c66a6b
Convert 40656532 (base 8) to base 5.
4200442424
Convert 113120312311 (base 4) to base 12.
2078131
What is 52116255 (base 7) in base 2?
10000101011111110010001
Convert -1222232312 (base 4) to base 2.
-1101010101110110110
-2342240141 (base 5) to base 8
-24556617
What is 1200002100001 (base 3) in base 2?
11011000101010001101
Convert 16794 (base 12) to base 7.
162643
Convert 1064548 (base 9) to base 6.
20150112
Convert -1559a (base 13) to base 2.
-1001111001000110
Convert 64085 (base 14) to base 10.
241589
Convert -10124025 (base 8) to base 7.
-24122411
b5a58 (base 12) to base 9
402725
29cee (base 15) to base 14
37069
Convert -400312223 (base 5) to base 9.
-2856440
217ae (base 15) to base 8
317574
What is 332644 (base 8) in base 11?
771a1
-19554ac (base 14) to base 6
-1125321224
What is 32011123 (base 4) in base 10?
57691
What is -2140013 (base 7) in base 15?
-5282e
What is -20122020022 (base 3) in base 2?
-11111111001100101
Convert -221962 (base 11) to base 13.
-c50bc
What is -110322102 (base 4) in base 5?
-10220100
What is 6231126 (base 7) in base 13?
2020b0
Convert 196954 (base 10) to base 3.
101000011121
What is 131015 (base 7) in base 10?
24365
1101000212201 (base 3) to base 14
14d8d1
-9347 (base 16) to base 11
-26366
What is 296264 (base 10) in base 7?
2342513
Convert -25018 (base 16) to base 14.
-3d34c
32522520 (base 6) to base 7
11201124
1753524 (base 8) to base 15
a23d6
What is -1e3d5 (base 15) in base 4?
-120012332
Convert -23310200131 (base 4) to base 12.
-1055251
-1011100100001100111100 (base 2) to base 12
-1022678
What is 276586 (base 9) in base 13?
5bb3c
What is 222c22a (base 14) in base 3?
1010120022211100
79bb (base 13) to base 8
41236
What is 544a7 (base 12) in base 5?
12030140
-1096688 (base 10) to base 12
-44a7a8
What is -418862 (base 10) in base 2?
-1100110010000101110
Convert 601a0 (base 11) to base 5.
10304302
What is -252a1 (base 16) in base 10?
-152225
Convert -196743 (base 13) to base 6.
-21435430
What is 2680453 (base 12) in base 9?
15321380
Convert 101101110011100101100 (base 2) t